 - 5*q. Let m(b) = -b**3 + 7*b**2 - 7*b + 17. What is the remainder when m(w) is divided by 11?
10
Suppose -24*u = -38*u + 336. What is the remainder when 95 is divided by u?
23
Let r be ((-1)/(-1))/(3 - (-15)/(-6)). Suppose -r*v + 4 + 14 = 0. What is the remainder when v is divided by 6?
3
Suppose 0 = -5*y + 3*k + 57, 9*y - k = 6*y + 31. Suppose -4*x - y = -61. What is the remainder when 49 is divided by x?
10
Let h(l) = l**3 - 11*l**2 - 30. Let u be h(12). Let k = u + -94. Suppose 5*m + 67 = b, 2*m + 3*m = 2*b - 144. What is the remainder when b is divided by k?
17
Let o(g) = -2*g + 2 - 6 - 1 + 0. Let z = 71 + -68. What is the remainder when o(-5) is divided by z?
2
Let x be ((-25)/5)/(5/(-2)). Suppose 2*h - 20 = -4*t, 5*h - 7*t + x*t - 65 = 0. What is the remainder when 18 is divided by h?
6
Calculate the remainder when 774/(-9)*(-1)/2 is divided by 26.
17
Let i = -1103 - -1218. What is the remainder when i is divided by 7?
3
Let j(u) = 3*u**2 - 54*u + 83. Let f = 19 - 0. What is the remainder when j(17) is divided by f?
13
Let k = -93 + 122. Calculate the remainder when k is divided by 16.
13
Suppose 4*h + 12 = h, 0 = -4*j + 3*h - 124. Let t = 48 + j. What is the remainder when 51 is divided by t?
9
Suppose -x - 203 - 8 = -3*p, 2*p = -3*x + 148. What is the remainder when 352 is divided by p?
68
Let y(c) be the second derivative of c**5/20 + 3*c**4/4 + 2*c**3/3 - 4*c**2 - 46*c. Calculate the remainder when y(-8) is divided by 7.
3
Let w(h) = 38*h - 3 - 48*h - 3 + h**2. Let q be w(10). Calculate the remainder when ((-4)/q)/(4/114) is divided by 7.
5
Let j(c) = -c**3 + 9*c**2 - 3*c + 5. Suppose r + 0*r = -16. What is the remainder when j(6) is divided by ((r/5)/(-2))/((-15)/(-300))?
31
Let v(l) = l**2 + 4*l - 8. Let q be v(-9). Let w(z) = -z**2 + 6*z - 5. Let y be w(5). Suppose y = 5*h - q - 33. What is the remainder when h is divided by 4?
2
Suppose 4*x - 3*r - 6 = 9*x, -4*x = 2*r + 4. Let a(f) = -f**2 + 2*f + 13. Suppose 7 = -l + 58. Calculate the remainder when l is divided by a(x).
12
Let d = 30 + -11. Let f(c) = 2*c - 25. Let p be f(12). Let l(v) = 36*v**2 + 2*v + 1. Calculate the remainder when l(p) is divided by d.
16
Let t(r) = 83*r**3 - r**2 - 2*r + 1. Calculate the remainder when 228 is divided by t(1).
66
Let s = -394 - -466. Calculate the remainder when 1367 is divided by s.
71
Suppose 0*t - 4*t = 4*j - 76, j + 4*t - 16 = 0. Suppose -s = 2*c - 8, 4*s + c + 2*c = 7. What is the remainder when (-72 + s*1)/(-2) is divided by j?
17
Suppose 0 = -55*w + 3*w + 18824. Calculate the remainder when w is divided by 14.
12
Suppose -3*l - 167 = -5*d - 5*l, -2*d = -3*l - 82. What is the remainder when d is divided by (2 + -2 + 1)*10?
5
What is the remainder when 262 is divided by (-4680)/(-84) - 2/(-7) - 1?
42
Let b = 263 - 229. Calculate the remainder when 237 is divided by b.
33
Let s = -607 + 625. Calculate the remainder when 105 is divided by s.
15
Let k(p) = -p**2 + p - 1. Let j(l) = -4*l**2 + 7*l - 7. Let o = 0 + 1. Let f(y) = o*j(y) - 6*k(y). Calculate the remainder when 79 is divided by f(3).
19
Let k(g) = 3*g + 3. Let r be k(-3). Let f = 2 + r. What is the remainder when (-2)/f - 104/(-16) is divided by 2?
1
Let j(a) = -a**3 + 7*a**2 + 3. Let n be j(7). Suppose -n*w - 2*w + 3*r + 21 = 0, -r + 13 = 5*w. Let g = 36 + -26. What is the remainder when g is divided by w?
1
What is the remainder when (-25)/(-175) - 622/(-7) is divided by 14?
5
What is the remainder when 174/((-105)/(-14) - 7) is divided by 61?
43
Let y be 0/((3 - 2)/(-1)). Suppose y = -g + 3 - 6. Let c(j) = j**3 + 4*j**2 - 3*j + 1. Calculate the remainder when 35 is divided by c(g).
16
Calculate the remainder when 50 is divided by (5/3)/(65/234).
2
Suppose 13*y = 19*y - 66. Suppose -y*z = -89 - 21. What is the remainder when z is divided by 3?
1
Let i(z) = 76*z + 2. Let v be i(-2). Calculate the remainder when (-1)/(0 - (-5)/v) is divided by 16.
14
Let q(k) = 10*k**2 + 10*k + 11. What is the remainder when q(-6) is divided by 63?
59
Suppose -55 = -0*j - 5*j. What is the remainder when ((-245)/25 + 9)/(2/(-50)) is divided by j?
9
Suppose 108 = 3*w + 3*x, 4*w - 3*x + 2*x - 164 = 0. What is the remainder when w is divided by (3 + 4)*-1 + 31?
16
Let i be 4/(-10) + 797/5. Let y = i + 12. What is the remainder when 56 is divided by (y/(-12))/3*-4?
18
Suppose -r - 21 + 48 = 0. What is the remainder when 31 is divided by 2*(-1)/(-2)*(r - 11)?
15
Let g(f) = -f**2 - 21*f - 12. Calculate the remainder when g(-19) is divided by -26*1/(-2) - -2.
11
Let p(g) = -2*g**2 + 61*g - 50. What is the remainder when 73 is divided by p(29)?
36
Let d be 6/9*9/(-6). Let b be (-1)/(-2 + (2 - d)). Let o = 23 + b. Calculate the remainder when o is divided by 8.
6
Let q(i) = 5*i + 12. Let n be q(-1). Suppose -14*c + 238 = -n*c. What is the remainder when 168 is divided by c?
32
Suppose 10*f - 11*f + 55 = 0. Calculate the remainder when 326 is divided by f.
51
What is the remainder when 244*2/4 + -4 is divided by 15?
13
Let t = -56 + 93. What is the remainder when t is divided by 24?
13
Let s(t) = t**2 + t. Let u(j) = -j**2 + j. Let b(v) = -v**2 - 2*v + 2. Let y(n) = b(n) - 4*u(n). Calculate the remainder when y(2) is divided by s(-2).
0
Let g = -116 + 133. Calculate the remainder when 66 is divided by g.
15
Let i be (-11 + 12)/(2/12). Let a = i - -1. Suppose 51 - a = 4*h. Calculate the remainder when 31 is divided by h.
9
Let o be (3/(-9))/(2/(-12)). Let h be (-2)/4 + (-3)/o. Let i(v) = -8*v - 2. Calculate the remainder when i(h) is divided by 5.
4
Let u(f) = -f**3 + 4*f**2 + 6*f - 3. Suppose 2*z = 3*z - 5. Let p be u(z). Suppose p*b = -4, b = 2*c - 3*c + 7. Calculate the remainder when 42 is divided by c.
6
Suppose 7*c + 4 + 9 = 97. Let s(d) = d**2 + 31. Let y be (3/(-3) - -1)*1. Calculate the remainder when s(y) is divided by c.
7
Let n(a) = a**3 - 31*a**2 + 58*a + 12. What is the remainder when 467 is divided by n(29)?
11
Let c(z) = 3*z**2 - 63*z - 13. What is the remainder when 208 is divided by c(22)?
49
Let i(m) = -m**3 - 7*m**2 - 22*m - 97. Calculate the remainder when i(-7) is divided by 32.
25
Let v(s) = s**2 + 5*s + 1. Let n be v(-4). Suppose 117 = 3*a + 2*p, 9*a - 5*p = 13*a - 149. Calculate the remainder when a is divided by (-9)/6*22/n.
8
Calculate the remainder when 197 is divided by (-11)/(55/(-145)) - -5.
27
Suppose -79*f + 81*f + 195 = r, 579 = 3*r - 3*f. Calculate the remainder when r is divided by 42.
23
Let i(b) = 3*b + 1. Let c be i(1). Suppose 2*l - c*w = 36, -2*l + 0*l = -3*w - 38. What is the remainder when l is divided by (-5)/(-2)*(-32)/(-10)?
6
Let s(u) = 1 - 6*u - 1. Suppose 2*h - 26 = -5*z, -3*h - 3*z + 4 = -17. What is the remainder when s(-3) is divided by h?
0
Let p(d) = 29*d**2 - 6*d + 1. Let w be p(3). Suppose 0 = 4*q + 64 - w. What is the remainder when q is divided by 24?
21
What is the remainder when 7035/33 - (-11 - (-492)/44) is divided by 44 - 2/4*2?
41
What is the remainder when 314 is divided by ((-28)/7 - -11)*(1 + 4)?
34
Suppose -14*w + 678 = -8*w. What is the remainder when w is divided by 20?
13
Suppose -6*c - 52 = -4*c. Let i = c + 28. Let a = 6 - i. Calculate the remainder when a is divided by 3.
1
Let m = -1008 - -1080. What is the remainder when 502 is divided by m?
70
Suppose -1993 = -35*p + 8787. Calculate the remainder when p is divided by 104.
100
Suppose 9*u - 26 = -8. Suppose u = -33*l + 35*l. Calculate the remainder when 30 is divided by l.
0
Suppose -3*l + 10 = -4*d + 3*d, -4*d = 3*l + 55. Let r be -4 - (-102)/24 - (-59)/4. Let o = r + d. What is the remainder when 4 is divided by o?
0
Let s be 2 - (-2)/(-4)*-2. Suppose -4*v = -m + 79, -2*m = -v + s*v - 128. Let d = -1144 + 1167. What is the remainder when m is divided by d?
21
Suppose -4*l = -2*x - 3*x + 35, l - 14 = -2*x. Let j be 312/(-42) - 4/x. Calculate the remainder when 204/j*(-8)/6 is divided by 18.
16
Let l(t) = t**3 - 28*t**2 + 36*t - 224. Calculate the remainder when 120 is divided by l(27).
6
Suppose 2092 + 900 = 16*r. What is the remainder when r is divided by 55?
22
Let i(l) = 4*l**2 - 12*l + 19. What is the remainder when 121 is divided by i(3)?
7
Let l(g) = -g**3 + 8*g**2 - 2*g - 5. Suppose 2*s + 6 = 20. Let b be l(s). Let m = 43 - b. What is the remainder when 23 is divided 